dreds digit of 6834?
8
What is the units digit of 7774?
4
What is the tens digit of 56200?
0
What is the hundreds digit of 1339?
3
What is the hundreds digit of 976?
9
What is the hundreds digit of 33990?
9
What is the hundreds digit of 10584?
5
What is the units digit of 1567?
7
What is the hundreds digit of 1179?
1
What is the hundreds digit of 53024?
0
What is the hundreds digit of 8342?
3
What is the hundreds digit of 6963?
9
What is the ten thousands digit of 66257?
6
What is the hundreds digit of 606?
6
What is the tens digit of 5725?
2
What is the units digit of 672?
2
What is the tens digit of 16012?
1
What is the hundreds digit of 3655?
6
What is the hundreds digit of 378?
3
What is the tens digit of 761?
6
What is the hundreds digit of 3198?
1
What is the units digit of 1089?
9
What is the units digit of 5693?
3
What is the tens digit of 34117?
1
What is the hundreds digit of 8353?
3
What is the hundreds digit of 38364?
3
What is the tens digit of 10417?
1
What is the hundreds digit of 260?
2
What is the tens digit of 311?
1
What is the hundreds digit of 64279?
2
What is the hundreds digit of 1836?
8
What is the tens digit of 10783?
8
What is the tens digit of 103095?
9
What is the units digit of 961?
1
What is the units digit of 949?
9
What is the hundreds digit of 4282?
2
What is the thousands digit of 1696?
1
What is the tens digit of 7067?
6
What is the units digit of 956?
6
What is the units digit of 1759?
9
What is the hundreds digit of 2287?
2
What is the units digit of 4804?
4
What is the thousands digit of 16874?
6
What is the hundreds digit of 865?
8
What is the ten thousands digit of 29828?
2
What is the tens digit of 8234?
3
What is the thousands digit of 10725?
0
What is the tens digit of 10530?
3
What is the hundreds digit of 5683?
6
What is the ten thousands digit of 36623?
3
What is the hundreds digit of 67542?
5
What is the thousands digit of 7157?
7
What is the tens digit of 22378?
7
What is the units digit of 12?
2
What is the hundreds digit of 267?
2
What is the thousands digit of 4858?
4
What is the units digit of 904?
4
What is the thousands digit of 130820?
0
What is the tens digit of 3652?
5
What is the units digit of 281?
1
What is the hundreds digit of 745?
7
What is the thousands digit of 17781?
7
What is the hundreds digit of 889?
8
What is the hundreds digit of 86914?
9
What is the tens digit of 1191?
9
What is the tens digit of 817?
1
What is the ten thousands digit of 20412?
2
What is the hundreds digit of 9625?
6
What is the hundreds digit of 545?
5
What is the units digit of 40234?
4
What is the units digit of 60818?
8
What is the hundreds digit of 229?
2
What is the units digit of 1161?
1
What is the units digit of 505?
5
What is the thousands digit of 81366?
1
What is the units digit of 171801?
1
What is the hundreds digit of 38670?
6
What is the hundreds digit of 53795?
7
What is the ten thousands digit of 16251?
1
What is the tens digit of 1132?
3
What is the thousands digit of 4702?
4
What is the thousands digit of 4879?
4
What is the units digit of 58840?
0
What is the ten thousands digit of 59721?
5
What is the hundreds digit of 12997?
9
What is the tens digit of 944?
4
What is the hundreds digit of 104?
1
What is the tens digit of 38354?
5
What is the units digit of 2088?
8
What is the hundred thousands digit of 114194?
1
What is the units digit of 721?
1
What is the tens digit of 3354?
5
What is the thousands digit of 1900?
1
What is the units digit of 204?
4
What is the hundreds digit of 624?
6
What is the units digit of 29011?
1
What is the hundreds digit of 2974?
9
What is the units digit of 44103?
3
What is the thousands digit of 3520?
3
What is the hundreds digit of 2335?
3
What is the tens digit of 5386?
8
What is the units digit of 201?
1
What is the units digit of 53010?
0
What is the thousands digit of 2547?
2
What is the thousands digit of 24898?
4
What is the hundreds digit of 428?
4
What is the tens digit of 68905?
0
What is the thousands digit of 44779?
4
What is the units digit of 1962?
2
What is the hundreds digit of 25412?
4
What is the units digit of 456?
6
What is the tens digit of 89304?
0
What is the hundreds digit of 945?
9
What is the tens digit of 815?
1
What is the tens digit of 5527?
2
What is the tens digit of 24362?
6
What is the hundreds digit of 486?
4
What is the tens digit of 3844?
4
What is the thousands digit of 1756?
1
What is the tens digit of 1029?
2
What is the tens digit of 703?
0
What is the tens digit of 1230?
3
What is the units digit of 2455?
5
What is the units digit of 990?
0
What is the units digit of 2629?
9
What is the thousands digit of 27988?
7
What is the units digit of 8144?
4
What is the thousands digit of 4664?
4
What is the units digit of 1688?
8
What is the units digit of 3775?
5
What is the units digit of 525?
5
What is the units digit of 7888?
8
What is the units digit of 784?
4
What is the tens digit of 214?
1
What is the thousands digit of 31843?
1
What is the tens digit of 1903?
0
What is the ten thousands digit of 139910?
3
What is the tens digit of 1694?
9
What is the tens digit of 923?
2
What is the hundreds digit of 6402?
4
What is the units digit of 60880?
0
What is the thousands digit of 55686?
5
What is the thousands digit of 34569?
4
What is the hundreds digit of 201?
2
What is the hundreds digit of 49970?
9
What is the units digit of 11322?
2
What is the thousands digit of 2287?
2
What is the hundreds digit of 773?
7
What is the ten thousands digit of 12532?
1
What is the units digit of 10433?
3
What is the thousands digit of 1186?
1
What is the ten thousands digit of 14729?
1
What is the thousands digit of 7222?
7
What is the tens digit of 5083?
8
What is the units digit of 49914?
4
What is the units digit of 64756?
6
What is the tens digit of 24761?
6
What is the hundreds digit of 9612?
6
What is the units digit of 1876?
6
What is the units digit of 232?
2
What is the tens digit of 16632?
3
What is the tens digit of 7404?
0
What is the units digit of 62?
2
What is the units digit of 7532?
2
What is the units digit of 96567?
7
What is the hundreds digit of 2977?
9
What is the units digit of 3747?
7
What is the units digit of 783?
3
What is the tens digit of 11423?
2
What is the hundreds digit of 97404?
4
What is the units digit of 682?
2
What is the tens digit of 6470?
7
What is the thousands digit of 25259?
5
What is the hundreds digit of 277?
2
What is the tens digit of 5926?
2
What is the thousands digit of 30726?
0
What is the units digit of 1414?
4
What is the thousands digit of 157350?
7
What is the tens digit of 650?
5
What is the ten thousands digit of 59601?
5
What is the units digit of 70?
0
What is the units digit of 1091?
1
What is the thousands digit of 2183?
2
What is the tens digit of 50363?
6
What is the units digit of 17?
7
What is the hundreds digit of 9072?
0
What is the hundreds digit of 3552?
5
What is the tens digit of 3397?
9
What is the units digit of 68747?
7
What is the tens digit of 17453?
5
What is the hundreds digit of 118669?
6
What is the hundred thousands digit of 114059?
1
What is the tens digit of 1140?
4
What is the units digit of 2195?
5
What is the units digit of 3237?
7
What is the tens digit of 390?
9
What is the units digit of 60195?
5
What is the units digit of 11969?
9
What is the tens digit of 1493?
9
What is the tens digit of 9169?
6
What is the hundreds digit of 5804?
8
What is the thousands digit of 72367?
2
What is the thousands digit of 118653?
8
What is the thousands digit of 82289?
2
What is the hundreds digit of 9354?
3
What is the units digit of 766?
6
What is the thousands digit of 1755?
1
What is the tens digit of 11231?
3
What is the hundreds digit of 31538?
5
What is the tens digit of 1714?
1
What is the thousands digit of 1251?
1
What is the units digit of 241?
1
What is the tens digit of 85197?
9
What is the units digit of 1332?
2
What is the hundreds digit of 50850?
8
What is the hundreds digit of 15444?
4
What is the tens digit of 931?
3
What is the units digit of 1068?
8
What is the thousands digit of 1875?
1
What is the units digit of 6829?
9
What is the tens digit of 26167?
6
What is the ten thousands digit of 59807?
5
What is the tens digit of 87130?
3
Wha